 be -4 - 0 - (-298 + -3). Let h = 15 - -12. Calculate the highest common factor of k and h.
27
Let f = 126 - 60. Calculate the highest common factor of 99 and f.
33
Let f be 4/10 + 13/5. Suppose -2*g - 2*b + 66 = 0, 91 = f*g - 0*g - b. Let t = g + -20. What is the greatest common divisor of 88 and t?
11
Suppose -j + 2*j = -3*l - 13, 3*j - 39 = 4*l. Let v be (-255)/(-12) - l/8. What is the greatest common divisor of v and 44?
22
Let g(j) = j**2 - 4*j - 9. Let y be g(7). Suppose 3*r - 18 = 4*c - 6, -r + 4 = 4*c. Let z = 7 - r. What is the highest common divisor of y and z?
3
Let s(t) = -6*t + 5. Let x be s(-5). Let z = x - 19. Calculate the highest common factor of 4 and z.
4
Let z(p) = 3*p**2 + 5*p - 4. Let l(n) = -4*n**2 - 4*n + 5. Let k(r) = -2*l(r) - 3*z(r). Let q be k(-6). Calculate the highest common divisor of q and 24.
8
Let c = -1 + 15. What is the highest common factor of 70 and c?
14
Suppose 4*k + 14 = -6, 2*z + 2*k - 774 = 0. Let i = 554 - z. Calculate the greatest common divisor of 18 and i.
18
Let m(j) = -j**3 + 6*j**2 + 13*j - 12. Let a be m(7). Calculate the greatest common factor of a and 60.
30
Let c be (-10)/15 + 23/3. Let m(s) be the second derivative of s**4/12 + 3*s**2/2 - s. Let u be m(-5). Calculate the greatest common divisor of u and c.
7
Let q(c) = c + 2. Let z be q(0). Calculate the highest common factor of z and 6.
2
Suppose l + 50 = -3*l + 5*y, 3*y + 21 = -l. Let s = l - -3. Let w be (-160)/s + (-4)/(-6). What is the greatest common divisor of 112 and w?
14
Let c = -37 + 76. What is the greatest common divisor of 13 and c?
13
Suppose 0*d - 3*d + 33 = 0. Let m = d - 6. Suppose -1 = -2*q - 2*o + 11, -m*q + 5*o + 30 = 0. What is the highest common divisor of q and 54?
6
Let d = 19 - -5. Let f = 2 + 1. What is the highest common divisor of f and d?
3
Let i be -5*(1 + 27/(-5)). Let p = -18 - -43. Let q = p - 14. What is the highest common factor of q and i?
11
Suppose -61 - 218 = -9*p. Calculate the greatest common divisor of 155 and p.
31
Suppose 397 = -4*i - 3*o, 2*o = -5 + 7. Let t be (i/8)/(2/(-4)). Calculate the greatest common factor of t and 50.
25
Let b(v) = 24*v**2 - v - 3. Let k be b(-1). What is the highest common divisor of k and 11?
11
Suppose -q + 12 = -3*q. Let j(y) = -y**3 - 6*y**2 - 2*y - 6. Let h be j(q). Calculate the highest common divisor of 18 and h.
6
Let y(d) = d**2 + 4*d + 1. Let q be y(-4). Let p be (-496)/(-20) - 1/(-5). Let u = p + -18. What is the highest common factor of q and u?
1
Let d = 1 + 10. Calculate the highest common divisor of 55 and d.
11
Suppose -6*h + 10 = -h. Suppose 3*w = h*w + 10. Let r = 172 + -82. Calculate the highest common divisor of r and w.
10
Let v(z) = -2*z + 4. Let h be v(-3). Let t = 16 - 61. Let n = 125 + t. Calculate the greatest common factor of n and h.
10
Let o = -3 - -5. Let i(f) = 9*f - 2. Let n be i(o). What is the highest common divisor of 24 and n?
8
Suppose -i + 31 = 4*d, 2*d = -3*i - 0*i + 23. What is the greatest common divisor of d and 1?
1
Let a(v) = 3*v + 20. Let u be a(12). Let q(o) = o + 26. Let w be q(0). Suppose 4*c - w - 30 = 0. What is the highest common factor of u and c?
14
Let d = 79 - 51. What is the greatest common factor of d and 70?
14
Let d = 58 + -38. What is the highest common divisor of d and 10?
10
Suppose -4*x + 180 = -40. Suppose 4*j - 8 = -5*u, -5*j + 0*u = -4*u - 10. Let p be 33/j*(-8)/(-12). What is the highest common factor of x and p?
11
Suppose 4*r - 213 + 25 = 0. Let a = -34 + r. Calculate the greatest common divisor of a and 13.
13
Let l be -1*(2 - 5)*36/9. Calculate the highest common factor of l and 84.
12
Let d = 1 - -3. Suppose 5 = -d*u + 17. Let f(x) = 2*x - 5. Let y be f(4). Calculate the highest common factor of y and u.
3
Let z be (15/(-2))/(6/(-8)). Let f be 324/z - (-8)/(-20). Calculate the highest common divisor of 4 and f.
4
Let h(k) = -2*k - 19. Let m be h(-23). Calculate the highest common factor of 54 and m.
27
Let z(x) = -x + 2*x + 1 + 3*x. Let c be z(4). What is the greatest common divisor of c and 187?
17
Suppose -5*s = 5*y - 4*y + 19, -3*y + 15 = -3*s. What is the highest common factor of 7 and y?
1
Let b = -9 + 33. What is the highest common divisor of b and 216?
24
Suppose -4*j + 129 + 159 = 0. Let d(o) = o**2 + 3*o - 9. Let w be d(3). Calculate the highest common factor of w and j.
9
Let a be 3/7 + 15/(-35) - -56. What is the highest common factor of a and 16?
8
Let o be -3 + 2 - -1 - 6. Let m be (3 - -36)*(-2)/o. What is the highest common divisor of m and 13?
13
Let i = -21 + 37. Calculate the highest common divisor of i and 2.
2
Let w = -11 + 24. What is the highest common factor of 39 and w?
13
Let b(p) = -9*p - 72. Let i be b(-9). Let d = 0 - 2. Let n(y) = -10*y**3 - 2*y**2 - y - 2. Let f be n(d). Calculate the greatest common divisor of f and i.
9
Let n = 16 + 10. Calculate the greatest common divisor of n and 13.
13
Suppose -k - 4*h - 31 = 0, 2*k - 3*h = -3*k - 63. Let f be 5/(k/81) - 2. Let g = 27 - f. What is the greatest common factor of g and 7?
7
Suppose 2*p + 3*m - 17 = -0*p, -4*m + 21 = p. Suppose 0 = -d + 5*d - 4. What is the highest common factor of d and p?
1
Let f = -3 + 3. Suppose 5*c + f*c = 125. Suppose -g + c - 7 = 0. Calculate the greatest common factor of g and 90.
18
Let f = 4 + 0. Let b = 101 - 57. What is the greatest common factor of f and b?
4
Let y be (-2 + -9)*(-2)/2. Suppose 4*k = 43 + 1. Calculate the highest common divisor of y and k.
11
Let w be 75/(-6)*24/(-10). Let v(h) = -h**3 - 27*h**2 + 26*h + 19. Let l be v(-28). Calculate the greatest common factor of w and l.
15
Let m(c) = -c**3 + 9*c**2 + 15*c - 15. Let f be m(10). What is the highest common divisor of 15 and f?
5
Let n be (3 + -1 + -3)/((-2)/6). Calculate the highest common divisor of n and 33.
3
Suppose -3*s + 2*s = -765. Suppose -2*i = 3*i - s. Let y = -17 + 34. What is the greatest common factor of i and y?
17
Suppose -4*v = f - 12 - 25, -2*v - 4*f = -8. What is the highest common divisor of v and 30?
10
Let b(l) = l**2 - 2*l - 1. Let u be b(-1). Let d = 18 - 10. Calculate the highest common factor of u and d.
2
Let r(m) = 3*m**2 + 30*m + 4. Let h be r(-10). Let i = -1 + 1. Suppose i = -x + o + 13 - 5, -4*o = -8. What is the highest common factor of h and x?
2
Suppose -4*y + 9*y = 105. Suppose -6*q - 39 = -3*q. Let r = y + q. What is the highest common factor of 64 and r?
8
Suppose -9*k - 10 = -10*k. What is the greatest common factor of 30 and k?
10
Let a(g) = -g + 13. Let c be a(-2). What is the highest common divisor of c and 9?
3
Let u be 12/((3/(-22))/(-1)). Let b(h) = h**3 + 3*h**2 - 6*h + 7. Let v be b(-5). Let a = v - -24. What is the highest common divisor of u and a?
11
Suppose 2 = 2*m - 18. What is the highest common divisor of m and 50?
10
Let v(r) = -r**3 + 7*r**2 + 13*r - 11. Let c be v(8). Calculate the greatest common divisor of c and 116.
29
Let k(t) = 7*t. Let p be k(5). Suppose 3 + 18 = 3*a. Let r be (-4)/(-14) + 47/a. Calculate the greatest common divisor of p and r.
7
Suppose h - 29 = -5*l + 10, 2*h = l - 10. Let f = l + -5. What is the greatest common divisor of 24 and f?
3
Let s(j) = -75*j - 1. Let p be s(-1). Let z be 18/(-81) + p/9. Let b(g) = -2*g - 4. Let i be b(-3). Calculate the highest common factor of z and i.
2
Suppose 4*m - m - 594 = 0. Let v = -11 + 22. Let c(s) = 3*s - 15. Let f be c(v). Calculate the greatest common factor of f and m.
18
Let q be (10 - 9)/(1/2). Let a = q + 33. Let d be (-26)/(-2) + (3 - 2). Calculate the highest common divisor of a and d.
7
Let p(q) = -q + 3. Let t be p(0). Let m = -1 + 1. Let g = t + m. What is the highest common divisor of g and 2?
1
Let u be (0 + (-36)/7)*(-420)/90. Calculate the greatest common factor of u and 3.
3
Suppose -3*f = -f - 130. Suppose 3*d + 4 = -3*q + 7, -d + 1 = -2*q. Suppose 78 = 3*c - q*c. Calculate the greatest common factor of f and c.
13
Let q be 4/(-10) - 28/(-20). Let j be (35/15)/(q/15). Calculate the highest common factor of j and 5.
5
Let c be (118/6 - 0) + 4/12. Calculate the greatest common divisor of 25 and c.
5
Let p(a) be the third derivative of 8*a**5/15 - a**4/24 + a**3/6 + a**2. Let o be p(1). What is the greatest common factor of 80 and o?
16
Let m = -3 - 0. Let u be (2/m)/(4/(-66)). What is 